4. Calculate c(h).
-1
Let n(a) = -a**3 + 6*a**2 - 3*a - 3. Let m(i) = i + 5. Let g be m(0). Give n(g).
7
Let z(l) = -2*l**3 - 5*l**2 + l - 2. Let d(o) = o**3 + o**2 - o + 1. Let v(m) = 3*d(m) + z(m). Let y be v(2). Let c(f) = f**3 + 2*f**2 - 4*f - 1. Give c(y).
2
Let b(n) = n + 3 - 5 + 0 - n**3 + 4 - 3*n**2. What is b(-3)?
-1
Let x = 71 + -66. Let h(n) = -3*n**2 + 3*n - 6. Let o(b) be the first derivative of -b**3/3 - b**2/2 - 1. Let r(t) = h(t) - 2*o(t). Calculate r(x).
-6
Let f(n) be the first derivative of -5*n**2/2 + 3*n - 25. Give f(2).
-7
Let i(v) = 13*v - 4*v - 7*v - 1 + 7*v. Suppose -2*j = -3 + 5. What is i(j)?
-10
Let y = -185 + 186. Let h(g) = -g - 1 - g + 3*g. What is h(y)?
0
Let r(k) = -5*k**3 + 11*k**2 + 2*k - 1. Let i(l) = 4*l**3 - 10*l**2 - 2*l + 1. Let c(z) = -6*i(z) - 5*r(z). Give c(-3).
11
Let o(t) = 5*t**2 - t**3 + 11*t + t - 10*t - 3*t. Give o(4).
12
Let o(q) = q + 2. Let u(z) = -z**3 + 3*z**2 - 3*z + 1. Let l be 30/12 + (-2)/4. Let f = 4 - l. Let k be u(f). What is o(k)?
1
Suppose 2*t - 4*a - 6 - 10 = 0, 0 = t - 5*a - 14. Suppose 0 = 5*b + 4*u, u + 3*u = -t*b. Let w(k) = k - 6. Calculate w(b).
-6
Suppose -192*i = -193*i + 4. Let w(p) = -7*p - 4. Determine w(i).
-32
Let q be (-1)/2 + (-20)/(-8). Suppose 0 = 3*o + q*o + 20. Let h(n) = -n**3 - 4*n**2 + n - 5. What is h(o)?
-9
Let r(s) = -s**2 - 4*s + 1. Let h(p) = -p**3 - 2*p**2 + 3*p - 4. Let t be h(-3). Give r(t).
1
Let y(c) = 5*c - 30. Let r(a) = -a + 6. Let w(v) = -11*r(v) - 2*y(v). Let l = 13 - 7. Give w(l).
0
Let q(s) = -18*s - 2. Let x(t) = -55*t - 5. Let j(p) = 8*q(p) - 3*x(p). Give j(-1).
-22
Let b(g) be the third derivative of -g**5/60 + g**4/24 - g**3/6 - 4*g**2. Let u be b(0). Let s(c) = -12*c - 1. Give s(u).
11
Suppose -3 = -2*d - 7. Let z = d - -7. Suppose 0 = 5*i - 15, -14 = -p - 0*p - z*i. Let f(u) = u**2 - 1. Determine f(p).
0
Let o(t) = -3*t**2 - 60 + t + 60. Suppose 2*h - 5*h = -3. Calculate o(h).
-2
Let r(i) = i**3 - 3*i - 1. Let g(z) = -z + 1. Let w(q) = -2*g(q) + r(q). Suppose -2 = k, 2*k - 10 = 4*s + 7*k. Calculate w(s).
-3
Let a(b) = 2*b**2 + 7*b + 5. Let l(z) = -5*z**2 - 15*z - 11. Let q(p) = -9*a(p) - 4*l(p). What is q(-2)?
13
Let z(o) = -o - 1. Suppose 5*p + 3*b + 4 - 10 = 0, 2*b - 4 = -2*p. Suppose -y + 26 = -5*f, -f + p*f - 8 = -3*y. Let d be 2/1 + y + 2. Calculate z(d).
-6
Let d(v) = 2*v. Let c be (-15)/9 - (-2)/3. Let m = c + -8. Let n = -6 - m. Determine d(n).
6
Let y(l) = -l**2 + 11*l. Let g(d) = 3*d**2 - 12*d - 1. Let o(h) = 4*h**2 - 12*h - 2. Let x(z) = -3*g(z) + 2*o(z). Let w(c) = 6*x(c) - 7*y(c). Calculate w(6).
0
Let q(p) = 7 - 2*p - 5 + p + 1. Determine q(-7).
10
Let x be ((-7)/(-6))/(23/138). Let s(y) = -y**3 + 8*y**2 - 7*y + 8. Determine s(x).
8
Let c(g) = -6*g - 1. Let i(n) = -n**3 - 6*n**2 - 3*n + 11. Let a be i(-5). What is c(a)?
-7
Let h(n) = 15 - 2*n**3 + 4 - n**3 + 5*n**3 - 16*n - 10*n**2. Let r(s) = s**3 - 5*s**2 - 8*s + 10. Let m(l) = 6*h(l) - 11*r(l). What is m(6)?
-8
Let d(o) = -o + 7. Let y(k) = 1. Let x(h) = d(h) - 6*y(h). What is x(4)?
-3
Let i(j) = -3*j + 5*j + 10*j + 6 + 2*j**2 - 3*j**2. What is i(12)?
6
Suppose 0 = -3*f - 2 + 41. Let s(a) = -a**3 + 5*a**2 + 2*a - 6. Let n be s(4). Let w = n - f. Let t(k) = -k**3 + 6*k**2 - 7*k + 2. Give t(w).
-8
Let i(b) = 0 - 2 + 4*b - 2. Let t(a) = -5*a + 5. Let j(v) = -3*i(v) - 2*t(v). Give j(4).
-6
Let m(g) = -g**2 - 5*g - 4. Let z be m(-3). Let k = -2 + 5. Let f(h) = h + h + 5*h**z - k*h. Calculate f(1).
4
Suppose 3*r - r = 5*k - 32, 2*k - 36 = -5*r. Let a be 6/9 - k/(-6). Let o(v) = v**3 - 2*v**2 + 1. Let q be o(a). Let u(d) = 4*d**2 + d. Give u(q).
5
Let r(u) = -8*u**3 - 4*u**2 - 4*u + 5. Let t(f) = -f**3 - f**2 - f + 1. Let o(b) = -r(b) + 4*t(b). Give o(-1).
-5
Let p(q) = -q**3 - 6*q**2 + 2*q - 4. Let h(k) = 3*k + 15. Let b be h(-7). What is p(b)?
-16
Suppose -n - n - 16 = 3*m, 14 = -3*n - 2*m. Let q(o) be the third derivative of 1/30*o**5 + 1/24*o**4 + 0 + 3*o**2 + 0*o - 1/6*o**3. Calculate q(n).
5
Let r(j) be the first derivative of -5*j**4/4 + j**2/2 + j - 3. Let k = 1 - 2. Determine r(k).
5
Let m = -6 - -8. Suppose m*r - r = 3. Suppose r*n + 5 + 4 = 0. Let d(c) = -c**3 - 5*c**2 - 4*c - 3. Give d(n).
-9
Suppose 93 = 4*o - 75. Suppose 0 = 3*m + 3*y - o, y - 4 + 3 = 0. Let p be m/4 - (-3)/(-12). Let f(k) = 3*k - 3. Give f(p).
6
Let y(s) = s - 10 + 14 - 4*s. Determine y(3).
-5
Let u(o) be the third derivative of -o**4/24 - 4*o**2. Let r be (-3)/(-2)*(-1 + 3). What is u(r)?
-3
Let h(w) = -66*w**2 - 16*w - 16. Let x(u) = -13*u**2 - 3*u - 3. Let y(b) = -2*h(b) + 11*x(b). Calculate y(-1).
-11
Let h(t) = -12*t**2 + 5*t**2 + 8*t**2 + 1 + 5*t. Give h(-4).
-3
Let r(d) = -3*d + 0*d - 10*d + 14*d - 1. Give r(4).
3
Let o(w) = w**2 + 3*w - 5. Let f = -7 + 2. Let x be o(f). Suppose 3*u = -2*l + x, -3*l + 2*l + 3*u - 20 = 0. Let p(j) = j + 4. Give p(l).
-1
Let g(w) be the second derivative of w**6/720 + 11*w**5/120 + w**4/2 - 4*w. Let n(a) be the third derivative of g(a). What is n(-5)?
6
Let g(t) = t**2 - 8*t - 13. Let l be g(10). Let a(h) = h**3 - 2*h**3 - 1 + h + l - 6*h**2 + h**2. Determine a(-5).
1
Let u = 23 + -27. Let s be ((-10)/u)/(3/6). Let f(z) = z**2 - 4*z - 5. Calculate f(s).
0
Let y(f) = -f - 3. Let g(k) = 2*k + 4. Let a(j) = 4*g(j) + 6*y(j). Determine a(6).
10
Let y(x) = x**2 - 2*x - 4. Let u be y(4). Suppose u*q + 0*q = -12. Let j(a) be the second derivative of -a**4/6 - 2*a**3/3 - 4*a + 9. Determine j(q).
-6
Suppose -4*z = -3*z + 24. Let d = z - -22. Let l(y) = -y + 2. What is l(d)?
4
Let g(z) be the third derivative of -z**8/1120 + z**6/720 - z**4/6 + 5*z**2. Let l(k) be the second derivative of g(k). Calculate l(1).
-5
Let c(q) = q + 3. Let p be c(-3). Suppose p = 3*g - 0*g + 6. Let t(o) be the second derivative of -o**4/12 - 5*o**3/6 - o**2/2 + 35*o. Determine t(g).
5
Let l(f) = f + 1. Let n be l(1). Let z(w) = w + 1 - 3 - n. Suppose -2*y - 35 = -g - 4*g, -2*y - 30 = -4*g. Determine z(g).
1
Let z(p) = 7*p - 10 - 5*p + 4. Determine z(4).
2
Let x(n) be the first derivative of 6*n - 1/2*n**2 + 2 - 1/3*n**3. What is x(0)?
6
Let j(f) = -f**3 + 7*f**2 + 2*f - 8. Let p be j(7). Let n(m) = m**2 + 4*m + p*m**2 - 4*m**2 + 2 - 2*m**2. Determine n(-3).
-1
Let l(b) = 4*b**3 - 2*b**2 - 5*b - 10. Let f(r) = -5*r**3 + r**2 + 5*r + 11. Let y(p) = -5*f(p) - 6*l(p). Give y(-6).
11
Let i(t) = -3*t - 1. Let c = -37 + 35. What is i(c)?
5
Let g(l) = -l**2 - 6*l + 9. Let s be g(-7). Let i(v) = s*v**2 + 0*v**3 - v**3 - 8 - 7*v**2 + 1. Let h = -1 + -4. Calculate i(h).
-7
Let b(f) = -f**3 - f - 1. Let i be 3/(-1)*8/24. Determine b(i).
1
Let g(b) = b**3 - 4*b**2 + 3*b + 2. Let j be g(3). Let p(c) = -5 + 0 - 2*c + j - 3*c**2 + 0 + c**3. Let a = 1 - -3. Calculate p(a).
5
Let u(y) = -11 + 1 + 7 - 5*y - y**2. Give u(-6).
-9
Suppose -2*s = -s + 4*j + 4, s - 1 = j. Suppose -2*a - 5 + 3 = s. Let w(y) = y + 1. Calculate w(a).
0
Suppose 0*v + 23 = l - 4*v, 4*l = 2*v + 22. Let i = l - 5. Let o = -2 + i. Let r(y) = -y**2 - 4*y + 2. Calculate r(o).
2
Let y(z) be the second derivative of -z**3/6 - 3*z. Let n(t) = 3*t + 11. Let i(p) = n(p) + 2*y(p). Give i(-5).
6
Suppose 4*a + 3 + 20 = 5*g, -g = 5*a + 7. Let q(l) be the second derivative of 1/6*l**4 - 1/20*l**5 + 0 + 1/3*l**g + l + l**2. What is q(3)?
-1
Let u(c) = c - 6. Let w(p) = -5*p + 31. Let t(j) = 11*u(j) + 2*w(j). Let h be (-3)/2*8/(-3). Determine t(h).
0
Let t(h) = -2*h**2 + 7*h + 15. Suppose -z - 5 = -4, 4*q = 3*z - 5. Let y(a) = a**2 - 4*a - 7. Let f(j) = q*t(j) - 5*y(j). What is f(6)?
5
Let u be 2 + 3/((-6)/4). Suppose 0 = -0*l + 3*l + 21. Let p(q) = -2*q**2 + 2*q + 6. Let m(t) = -5*t**2 + 5*t + 13. Let y(a) = l*p(a) + 3*m(a). Give y(u).
-3
Let l(q) = -4*q**3 - q**2 + 2*q + 2. Let s(z) = z**3 + z**2 - z - 1. Let m(d) = -l(d) - 2*s(d). Determine m(1).
1
Let m(b) = 9*b**2. Suppose -2*j = 2 - 8. Suppose -2*a - z = 2, 2*z + 9 = -j*a + 4*a. Determine m(a).
9
Let u(h) be the second derivative of h**3/6 - 3*h**2/2 - 11*h. Give u(0).
-3
Suppose 0 = -2*i - 4*t + 8, i + 3*t - 13 = 3*i. Let k(b) = 2*b**2 - 2. What is k(i)?
6
Let c(i) = -3*i**3 + 12*i**2 + i + 1. Let g(x) = -4*x**3 + 13*x**2 + x. Let k(r) = -5*c(r) + 4*g(r). Give k(-8).
3
Let m be 2/(-8) + (-9)/(-4). Let s(b) = -b**2 + 2 + 2*b**3 - b + 0*b - 1 + m*b**2. What is s(1)?
3
Let s(f) = f**2 + f + 7